{"id":80,"date":"2006-05-07T15:54:21","date_gmt":"2006-05-07T13:54:21","guid":{"rendered":"http:\/\/studentenblogger.de\/blog\/?page_id=80"},"modified":"2007-01-21T02:19:32","modified_gmt":"2007-01-21T01:19:32","slug":"bedienungsanleitung","status":"publish","type":"page","link":"http:\/\/studentenblogger.de\/blog\/?page_id=80","title":{"rendered":"Bedienungsanleitung"},"content":{"rendered":"<p>Auf fast jedes Bild kann man draufklicken: Dann erh\u00c3\u00a4lt man eine gr\u00c3\u00b6\u00c3\u0178ere Version in besserer Aufl\u00c3\u00b6sung.<\/p>\n","protected":false},"excerpt":{"rendered":"<p>Auf fast jedes Bild kann man draufklicken: Dann erh\u00c3\u00a4lt man eine gr\u00c3\u00b6\u00c3\u0178ere Version in besserer Aufl\u00c3\u00b6sung.<\/p>\n","protected":false},"author":1,"featured_media":0,"parent":0,"menu_order":0,"comment_status":"open","ping_status":"open","template":"","meta":{"footnotes":""},"class_list":["post-80","page","type-page","status-publish","hentry"],"_links":{"self":[{"href":"http:\/\/studentenblogger.de\/blog\/index.php?rest_route=\/wp\/v2\/pages\/80","targetHints":{"allow":["GET"]}}],"collection":[{"href":"http:\/\/studentenblogger.de\/blog\/index.php?rest_route=\/wp\/v2\/pages"}],"about":[{"href":"http:\/\/studentenblogger.de\/blog\/index.php?rest_route=\/wp\/v2\/types\/page"}],"author":[{"embeddable":true,"href":"http:\/\/studentenblogger.de\/blog\/index.php?rest_route=\/wp\/v2\/users\/1"}],"replies":[{"embeddable":true,"href":"http:\/\/studentenblogger.de\/blog\/index.php?rest_route=%2Fwp%2Fv2%2Fcomments&post=80"}],"version-history":[{"count":0,"href":"http:\/\/studentenblogger.de\/blog\/index.php?rest_route=\/wp\/v2\/pages\/80\/revisions"}],"wp:attachment":[{"href":"http:\/\/studentenblogger.de\/blog\/index.php?rest_route=%2Fwp%2Fv2%2Fmedia&parent=80"}],"curies":[{"name":"wp","href":"https:\/\/api.w.org\/{rel}","templated":true}]}}